 = 374*f + 177*f + 94978. Calculate the remainder when f is divided by 56.
17
Suppose 0 = 19*f - 996 + 198. What is the remainder when 543 is divided by f?
39
Let h(c) = 300*c + 2409. What is the remainder when 126 is divided by h(-8)?
0
Let t be (-1)/(-3) + 0 - (-29)/3. Suppose t*g - 249 - 401 = 0. Let n = 121 - g. What is the remainder when n is divided by 15?
11
Let u = 69109 - 68956. Suppose 2*j + j = -5*n + 120, 2*n = 2*j - 80. Calculate the remainder when u is divided by j.
33
What is the remainder when 194 is divided by -11 + (-5658)/(-115) + (-8)/(-10)?
38
Suppose 6*m + 2 - 32 = 0. Let o(d) = 2*d**3 - 11*d**2 + 7*d - 7. Calculate the remainder when -8*2/4 + 8 is divided by o(m).
1
Suppose -112*u + 114*u + 106 = 4*r, -92 = -3*r - u. Calculate the remainder when 46 is divided by r.
17
Suppose -a + 1 = -1. Let p be 0*a/(-8) - 46. Let g = p + 47. Calculate the remainder when 5 is divided by g.
0
Let i(u) = u**3 - 11*u**2 + 45. Suppose 139 = 2*g + 117. Suppose 4*l + 8 = 40. What is the remainder when i(g) is divided by l?
5
Suppose -7*c + 30*c - 18170 = 0. Suppose -2*i = 3*o - 385, -c = i - 5*i - 2*o. Calculate the remainder when i is divided by 17.
13
Let j(p) = 27*p - 88. Let r be j(-8). Let s = r + 317. Calculate the remainder when 166 is divided by s.
10
Let t = 3852 - 3741. Calculate the remainder when t is divided by 21.
6
Suppose -38*g + 3716 + 11272 - 3778 = 0. Calculate the remainder when g is divided by 64.
39
Let h(s) = 19*s - 112. Let o be h(6). Suppose 3*q - 5*p = 87, 2*p = -o*q + 5*p + 57. What is the remainder when 89 is divided by q?
17
Let b = -763 + 1082. Calculate the remainder when b is divided by 115.
89
Suppose -16 = -2*p + 2*c - 0*c, 2*c = -6. Suppose -25 = 3*w - 79. Suppose -w = -4*k + 34. Calculate the remainder when k is divided by p.
3
Suppose 0 = 3*a + l - 99, 0*a + 2*l + 26 = a. Suppose a*s - 472 = 40. Calculate the remainder when 1245 is divided by s.
13
Suppose 0 = 3*z - 15, 13*t = 15*t - 4*z - 534. Suppose 6*x = t + 371. Calculate the remainder when x is divided by 14.
10
Suppose 12642 = -3591*m + 3677*m. Calculate the remainder when 2042 is divided by m.
131
Suppose 0 = -s - 5, -11*n - 1656 = -15*n - 4*s. What is the remainder when n is divided by 20?
19
What is the remainder when 599 is divided by (-13)/(65/(-150))*((-144)/(-30) + -4)?
23
Suppose -1 - 2 = -3*r, -r + 118 = -a. What is the remainder when 88 is divided by (-72)/(-27)*a/(-12)?
10
Calculate the remainder when (-1 - -5) + (15 - (-9 - -24 - 109)) is divided by 179/6 + 1/6.
23
Suppose 19*j - 1128 = -862. Calculate the remainder when 3191 is divided by j.
13
Let y = 342 + -340. Calculate the remainder when 40 is divided by 847/49 + y/(-7).
6
Let s = 30 + -32. Let o(f) = -f - 8. Let v be o(s). Calculate the remainder when (0 + (-357)/v)*(2 + 0) is divided by 12.
11
Let d = 728 - 784. Let v = d + 98. What is the remainder when 72 is divided by v?
30
Suppose -59512 = -119*t - 56*t + 6638. Calculate the remainder when 1519 is divided by t.
7
Suppose -43 - 7 = -2*j. Let n = 213 + -159. Suppose -4*m + 110 = n. What is the remainder when j is divided by m?
11
Suppose -14*w - 23*w + 50071 = -14*w. Calculate the remainder when w is divided by 185.
142
Let k(n) = n**3 + 17*n**2 + 57*n + 19. What is the remainder when 1484 is divided by k(-12)?
54
Suppose 14*q - 16*q = -602. Let g = -84 + q. Suppose -5*r + 180 = 4*r. What is the remainder when g is divided by r?
17
What is the remainder when 20/(-140) - (-6)/(126/5295) is divided by 21?
0
Let c be (-2 + -4 + 5)*(-11 - 0). Suppose -n + 4*d = -1, -8 - c = -4*n + d. Suppose r - 105 - n = 0. Calculate the remainder when r is divided by 58.
52
Suppose -54*a = -200 - 70. Suppose -9*k = m - 13*k - 63, -a*m + 258 = -k. Calculate the remainder when m is divided by 21/2*8/6.
9
Suppose -2*u - 212 = -3*u - 3*t, 654 = 3*u + 3*t. What is the remainder when 683 is divided by u?
20
Let m(g) = -g**2 - 2*g + 46. What is the remainder when (-342)/(-12) - 1/2 is divided by m(5)?
6
Suppose -2*c + 8 = -20. Suppose u = 3*v + 16, 128 - c = 5*u + 2*v. Let p = u - -14. What is the remainder when 142 is divided by p?
34
Let p(t) = 16*t - 955. What is the remainder when p(86) is divided by 3?
1
Calculate the remainder when 9905/(-105)*(45/(-9) - (-2 + 0)) is divided by 26.
23
What is the remainder when 211 is divided by (14 + 2)*(-88)/22*-1?
19
Let z be 6/(-4)*(-2 - 6/(-9)). Suppose -5*v = 5*l - 460, -4*l - z*v + 454 = l. Calculate the remainder when l is divided by 23.
21
Let u = 23673 - 23395. What is the remainder when 5558 is divided by u?
276
Suppose 32*v - 236 - 3654 = 142. Calculate the remainder when 526 is divided by v.
22
Suppose p = -3*q + 1269, -p + 12 = 3*p. Suppose 3*t = f - 126, -5*f = t + 48 - 6. What is the remainder when q/8 - t/(-56) is divided by 30?
22
Suppose 796 + 2506 - 156 = 11*i. Calculate the remainder when i is divided by 39.
13
Let q(f) = -4*f - 76. Let b be q(-20). Suppose -h - b*y = -908 - 425, -1324 = -h + 5*y. Suppose 22*d - 541 = h. Calculate the remainder when d is divided by 8.
5
Suppose 0 = 2*q - x + 2*x - 73, 127 = 3*q + 5*x. Let j(f) = 18*f**2 - 120*f - 5. Let o be j(8). What is the remainder when (-2)/3*(-11 - o) is divided by q?
30
Let c = 68 + -66. Suppose 930 = -c*r + 12*r. Calculate the remainder when r is divided by 868/35 - 5/(-25).
18
Suppose -405*z + 401*z - 92 = -q, 0 = 4*z + 8. Let j(d) = -d**3 + 6*d**2 + 3*d - 1. Calculate the remainder when q is divided by j(6).
16
Suppose -3*a = -4*t + 33, -4*t + 5*a = -16 - 23. Let d(k) = -k**3 - 6*k**2 + 7*k - 6. What is the remainder when d(-8) is divided by 1*t/(-8) - 59/(-4)?
10
Suppose -11*r + 11 = -22. Let d be 714/56*(-8)/r. Let f = d - -57. Calculate the remainder when 62 is divided by f.
16
Suppose -9*h - 423 = -6*h. What is the remainder when 8 is divided by (4/9)/(-5 + h/(-27))?
0
Let h be 45/(-10)*-5*(-2)/5. What is the remainder when 25 + ((-12)/h - 9/27) is divided by 15?
11
Suppose 5*t - 5 = -0*t, 0 = 2*r + 5*t - 1407. Let y = -531 + r. Calculate the remainder when y is divided by 43.
41
Let c be (-30)/(-4 + 21/6). Suppose 5*w + o = c, 5 = 2*w + 4*o - 1. Suppose 2*l + 0*l - 2 = 0, r - 51 = -3*l. What is the remainder when r is divided by w?
9
Let u = 129 + -115. Suppose -u*q + 108 = 4*q. Calculate the remainder when 135 is divided by q.
3
Let b be 0 + 5/(3 - 8). Let h(t) = -78*t + 1. Calculate the remainder when h(b) is divided by ((-6)/4)/((-12)/136).
11
Let h(p) = 24*p - 1. Let q(t) = 2*t**3 - 33*t**2 + 21*t + 10. Suppose -u - 447 + 463 = 0. Calculate the remainder when q(u) is divided by h(1).
21
Suppose -4*x + 2*b = 310, -4*b + 143 = -3*x - 77. What is the remainder when 84 is divided by 736/x*5/(-2)?
15
Calculate the remainder when 3255/2 + (-24)/(-16) is divided by 21.
12
Let m be (1100/(-40))/(5/(-4)). Calculate the remainder when 909/99 + -9 - (-1558)/m is divided by 3.
2
Suppose 5*t - 3 = b + 9, -t = -5*b + 12. Let q(o) = 61*o**3 - o**2 + o - 1. Let u be q(1). Suppose u = 2*k + t*k. What is the remainder when 55 is divided by k?
7
Suppose 714 + 929 = 98*f + 467. What is the remainder when 6178 is divided by f?
10
Suppose -16 = -8*a + 6*a. Suppose -4*c + 0 = -a. Let q(w) = w + 8. Calculate the remainder when 59 is divided by q(c).
9
Let y = -2232 + 2294. Calculate the remainder when 353 is divided by y.
43
Let c be (8/(-12))/(2/678). Let u = 268 + c. Let x(y) = 2*y**2 + 3*y + 2. What is the remainder when u is divided by x(-4)?
20
Suppose 0 = -b - 2*b + 99. Let a(m) = -19636*m + 98192. What is the remainder when b is divided by a(5)?
9
Let a(x) = 213*x**2 + 4154 + x - 2*x - 4155. What is the remainder when a(-1) is divided by 27?
24
Calculate the remainder when 36172/16 - (-42)/(-56) is divided by 252.
244
Let b(i) = i**2 - 76. Let r(u) = 2*u**2 + 11*u + 14. What is the remainder when b(10) is divided by r(-6)?
4
Let m = -93 + 98. Suppose -f + 2*t = -t - 21, 5*f - 95 = m*t. Calculate the remainder when 1*55*(-12)/(-20) is divided by f.
15
Let q(f) = f**3 + 28*f**2 - 14*f + 456. Calculate the remainder when 12/42 - 369/(-7) is divided by q(-29).
11
Let d be 2/(-12) + 3/(126/(-1757)). Let b be d/357 - 576/17. Let m = -14 - b. What is the remainder when m is divided by 6?
2
Suppose -2587 = 13*b - 6695. What is the remainder wh